{"id":370,"date":"2026-02-19T15:09:00","date_gmt":"2026-02-19T14:09:00","guid":{"rendered":"https:\/\/autospartners.fr\/?page_id=370"},"modified":"2026-02-19T15:10:57","modified_gmt":"2026-02-19T14:10:57","slug":"mentions-legales","status":"publish","type":"page","link":"https:\/\/autospartners.fr\/index.php\/mentions-legales\/","title":{"rendered":"Mentions-legales"},"content":{"rendered":"[et_pb_section fb_built=\u00a0\u00bb1&Prime; theme_builder_area=\u00a0\u00bbpost_content\u00a0\u00bb _builder_version=\u00a0\u00bb4.27.5&Prime; _module_preset=\u00a0\u00bbdefault\u00a0\u00bb][et_pb_row _builder_version=\u00a0\u00bb4.27.5&Prime; _module_preset=\u00a0\u00bbdefault\u00a0\u00bb theme_builder_area=\u00a0\u00bbpost_content\u00a0\u00bb custom_margin=\u00a0\u00bb-36px|auto||auto||\u00a0\u00bb][et_pb_column _builder_version=\u00a0\u00bb4.27.5&Prime; _module_preset=\u00a0\u00bbdefault\u00a0\u00bb type=\u00a0\u00bb4_4&Prime; theme_builder_area=\u00a0\u00bbpost_content\u00a0\u00bb][et_pb_text _builder_version=\u00a0\u00bb4.27.5&Prime; _module_preset=\u00a0\u00bbdefault\u00a0\u00bb theme_builder_area=\u00a0\u00bbpost_content\u00a0\u00bb hover_enabled=\u00a0\u00bb0&Prime; sticky_enabled=\u00a0\u00bb0&Prime;]<p><\/p>\n<h1 class=\"wp-block-heading\" style=\"text-align: center;\">Mentions l\u00e9gales<\/h1>\n<p>&nbsp;<\/p>\n<h2 class=\"wp-block-heading\">\u00c9diteur du site<\/h2>\n<p> <\/p>\n<p>Le pr\u00e9sent site internet est \u00e9dit\u00e9 par :<\/p>\n<p> <\/p>\n<p><strong>Autos-Partners<\/strong><br \/>Adresse : 9017 Boulevard du 14 Juillet, 27000 \u00c9vreux, France<br \/>T\u00e9l\u00e9phone : +33 2\u00a076\u00a057\u00a006\u00a096<br \/>Email : <a>contact@autospartners.fr<\/a><\/p>\n<p> <\/p>\n<p>Activit\u00e9 : Vente de v\u00e9hicules d\u2019occasion et services automobiles.<\/p>\n<p> <\/p>\n<p><em>(Statut juridique, SIREN et TVA \u00e0 compl\u00e9ter par le propri\u00e9taire du garage.)<\/em><\/p>\n<p> <\/p>\n<hr class=\"wp-block-separator has-alpha-channel-opacity\" \/>\n<p> <\/p>\n<h3 class=\"wp-block-heading\">Directeur de la publication<\/h3>\n<p> <\/p>\n<p>Le directeur de la publication est :<br \/><strong>Autos-Partners<\/strong><\/p>\n<p> <\/p>\n<hr class=\"wp-block-separator has-alpha-channel-opacity\" \/>\n<p> <\/p>\n<h2 class=\"wp-block-heading\">H\u00e9bergement du site<\/h2>\n<p> <\/p>\n<p>Le site est h\u00e9berg\u00e9 par :<\/p>\n<p> <\/p>\n<p><strong>HOSTINGER INTERNATIONAL LTD<\/strong><br \/>61 Lordou Vironos Street<br \/>6023 Larnaca<br \/>Chypre<\/p>\n<p> <\/p>\n<p>Site web : <a href=\"https:\/\/www.hostinger.fr\">https:\/\/www.hostinger.fr<\/a><br \/>Support : <a href=\"https:\/\/www.hostinger.fr\/contact\">https:\/\/www.hostinger.fr\/contact<\/a><\/p>\n<p> <\/p>\n<hr class=\"wp-block-separator has-alpha-channel-opacity\" \/>\n<p> <\/p>\n<h3 class=\"wp-block-heading\">Propri\u00e9t\u00e9 intellectuelle<\/h3>\n<p> <\/p>\n<p>L\u2019ensemble du contenu pr\u00e9sent sur le site (textes, images, logos, graphismes, vid\u00e9os) est la propri\u00e9t\u00e9 exclusive d\u2019Autos-Partners sauf mention contraire.<\/p>\n<p> <\/p>\n<p>Toute reproduction est interdite sans autorisation \u00e9crite pr\u00e9alable.<\/p>\n<p> <\/p>\n<hr class=\"wp-block-separator has-alpha-channel-opacity\" \/>\n<p> <\/p>\n<h3 class=\"wp-block-heading\">Responsabilit\u00e9<\/h3>\n<p> <\/p>\n<p>Autos-Partners s\u2019efforce d\u2019assurer l\u2019exactitude des informations diffus\u00e9es sur le site.<br \/>Cependant, l\u2019entreprise ne peut garantir l\u2019absence d\u2019erreurs ou d\u2019omissions.<\/p>\n<p> <\/p>\n<hr class=\"wp-block-separator has-alpha-channel-opacity\" \/>\n<p> <\/p>\n<h3 class=\"wp-block-heading\">Contact<\/h3>\n<p> <\/p>\n<p>Pour toute question :<br \/>\ud83d\udce7 <a>contact@autospartners.fr<\/a><br \/>\ud83d\udcde +33 2\u00a076\u00a057\u00a006\u00a096<\/p>\n<p><\/p>[\/et_pb_text][\/et_pb_column][\/et_pb_row][\/et_pb_section]","protected":false},"excerpt":{"rendered":"<p>Mentions l\u00e9gales &nbsp; \u00c9diteur du site Le pr\u00e9sent site internet est \u00e9dit\u00e9 par : Autos-PartnersAdresse : 9017 Boulevard du 14 Juillet, 27000 \u00c9vreux, FranceT\u00e9l\u00e9phone : +33 2\u00a076\u00a057\u00a006\u00a096Email : contact@autospartners.fr Activit\u00e9 : Vente de v\u00e9hicules d\u2019occasion et services automobiles. (Statut juridique, SIREN et TVA \u00e0 compl\u00e9ter par le propri\u00e9taire du garage.) Directeur de la publication Le [&hellip;]<\/p>\n","protected":false},"author":1,"featured_media":0,"parent":0,"menu_order":0,"comment_status":"closed","ping_status":"closed","template":"","meta":{"_et_pb_use_builder":"on","_et_pb_old_content":"","_et_gb_content_width":"","footnotes":""},"_links":{"self":[{"href":"https:\/\/autospartners.fr\/index.php\/wp-json\/wp\/v2\/pages\/370"}],"collection":[{"href":"https:\/\/autospartners.fr\/index.php\/wp-json\/wp\/v2\/pages"}],"about":[{"href":"https:\/\/autospartners.fr\/index.php\/wp-json\/wp\/v2\/types\/page"}],"author":[{"embeddable":true,"href":"https:\/\/autospartners.fr\/index.php\/wp-json\/wp\/v2\/users\/1"}],"replies":[{"embeddable":true,"href":"https:\/\/autospartners.fr\/index.php\/wp-json\/wp\/v2\/comments?post=370"}],"version-history":[{"count":4,"href":"https:\/\/autospartners.fr\/index.php\/wp-json\/wp\/v2\/pages\/370\/revisions"}],"predecessor-version":[{"id":374,"href":"https:\/\/autospartners.fr\/index.php\/wp-json\/wp\/v2\/pages\/370\/revisions\/374"}],"wp:attachment":[{"href":"https:\/\/autospartners.fr\/index.php\/wp-json\/wp\/v2\/media?parent=370"}],"curies":[{"name":"wp","href":"https:\/\/api.w.org\/{rel}","templated":true}]}}